4
Let a = 325 + -300. Calculate the remainder when 649 is divided by a.
24
Let r(q) be the first derivative of -q**2 - q + 1. Let d = 9 - 12. What is the remainder when 8 is divided by r(d)?
3
Calculate the remainder when 114*((-21)/(-35))/((-18)/(-20)) is divided by 16.
12
Suppose -298 = 2*t - 316. Calculate the remainder when 70 is divided by t.
7
Let o = -101 - -107. Let p(r) = -r**2 + 5*r + 14. Calculate the remainder when 23 is divided by p(o).
7
Let c(d) = -2*d**3 - 3*d**2 - d. Let t = 44 - 47. What is the remainder when c(t) is divided by 11?
8
Let i be 4 + 6*8/(-12). Suppose i = 3*k - 2 - 1. Calculate the remainder when 3 - (0 - k) - -33 is divided by 8.
5
Suppose -6*i - 8 = -2*i. Let t(z) = 4*z**2 - z - 1. What is the remainder when t(i) is divided by 4?
1
Suppose 2*i - 4*j - 166 = 136, 599 = 4*i - 3*j. Suppose -5*w = 2*u - i, u + 106 = 4*w - 21. What is the remainder when w is divided by 8?
7
Suppose 2*g + 499 = -30*y + 33*y, y = 3*g + 157. Calculate the remainder when y is divided by 60.
49
Suppose 3*g = -2*o - 98 + 958, -860 = -2*o + g. Suppose -6*q + o = 160. Calculate the remainder when q is divided by 23.
22
Let f = 17 + -15. Let g = 4 + f. Calculate the remainder when 22 is divided by g.
4
Let g = 81 + -27. Suppose 2*j - g = -j. Let v = j + 13. What is the remainder when v is divided by 8?
7
Let m(w) = w**2 - 15*w - 14. Let q(v) = v + 141. Let o be q(0). Suppose 0 = 8*y - o + 13. Calculate the remainder when 9 is divided by m(y).
1
What is the remainder when (79 - 25)*(-1 + (-10)/(-4)) is divided by 25?
6
What is the remainder when 159 is divided by 9 + 17 - (8 - 2)?
19
Let t = -6 - -29. Suppose 10*y - 4*y - 48 = 0. Calculate the remainder when t is divided by y.
7
Let l(p) = 3*p + 60. Let q be l(-8). Suppose -3*t + q = 9*t. Calculate the remainder when 4 is divided by t.
1
Calculate the remainder when 168 is divided by ((-65)/(-20) - 2)/(4/32).
8
Suppose 0 = -32*h + 17*h + 795. Calculate the remainder when 158 is divided by h.
52
Let n be (-22)/3 + (-6)/(-18). Let p(b) = b**2 + 4*b - 10. What is the remainder when (5 - (5 + 3))*38/(-6) is divided by p(n)?
8
Suppose 0 = -41*y + 14*y + 1539. What is the remainder when y is divided by 17?
6
Suppose -k - 13 = 5*y, 5*y + 48 = 4*k - 0*y. Suppose a - 37 = -3*a + 5*b, -2*a + b + 11 = 0. What is the remainder when k is divided by a?
1
Let q(r) = r**3 + 27*r**2 + 27*r - 21. Calculate the remainder when q(-24) is divided by 18.
15
Suppose 4*x + 3*g - 12 = 0, -5*g = -x - 1 + 4. What is the remainder when x*(70/6 - -2) is divided by 15?
11
Let f(r) = 23*r**2 + 12*r - 10. What is the remainder when 61 is divided by f(1)?
11
Let d = -31 + 36. Let h = 9 - d. Calculate the remainder when h is divided by 3.
1
Let r = -1455 - -1466. Calculate the remainder when 53 is divided by r.
9
Suppose 3*i + 4*l = 28 + 39, 3*l = 4*i - 81. Calculate the remainder when 188 is divided by i.
20
Let b be (-6)/(4 + (-15)/6). Calculate the remainder when 36 is divided by 10/b*(-266)/35.
17
Suppose 4*a - 2*a = o + 12, o = -3*a + 23. Suppose -90 = -a*c + 582. What is the remainder when c is divided by 33?
30
Let d be (-1)/(-7) - 39/(-21). Let s be (-2 + (-7 - d))*1. Let f = s - -23. What is the remainder when 23 is divided by f?
11
Suppose 4*y - 280 = -3*p, -5 + 15 = -5*y. Calculate the remainder when p is divided by 5.
1
Suppose 2016 = -1387*f + 1401*f. Calculate the remainder when f is divided by 41.
21
Suppose -98*u - 12*u = 5*u - 1610. Calculate the remainder when (-34)/(-5)*(-2 - -12) is divided by u.
12
Suppose -2*g + j = -0*g - 13, -3*g + 2*j = -22. Suppose 5*o = -r - 37, 14 = -2*r + g*o + o. Let i = 8 - r. Calculate the remainder when 48 is divided by i.
23
Suppose -3*z + 65 = 2*h, -5*z + 44 + 66 = 5*h. Calculate the remainder when 99 is divided by 231/9 - 14/z.
24
Let h = 146 + -70. What is the remainder when h is divided by 12?
4
Let f = 11 - 5. What is the remainder when 17*(4 - 7)/(-1) is divided by -6 + f + 2*9?
15
Suppose -6*o + 2*o + 88 = 4*s, -s - 2*o + 24 = 0. What is the remainder when 53 is divided by s?
13
Let t = 11 + -14. Let z be (-3)/t - (-5 + -2). Suppose -3*n + z*n - 45 = 0. Calculate the remainder when 25 is divided by n.
7
Let h(t) = 175*t**2 - 11*t + 5. Let s(d) = -176*d**2 + 10*d - 4. Let w(f) = -5*h(f) - 6*s(f). Calculate the remainder when w(-1) is divided by 47.
44
Suppose -88*t = -91*t + 126. What is the remainder when 119/4 - t/56 is divided by 5?
4
Let n(u) = 2*u**2 - 6*u + 33. Calculate the remainder when n(-7) is divided by 8.
5
Let h be 2 - (-18)/(-8) - (-15)/(-20). Let b(a) = -9*a**3 + 2*a**2 + 4*a + 2. What is the remainder when 41 is divided by b(h)?
5
Suppose 3*z = -5*w + 212, -4*w - z = -w - 128. What is the remainder when w is divided by (-158)/(-14) + 2/(-7)?
10
Let t(a) = -a**2 - 5*a + 22. What is the remainder when 46 is divided by t(-6)?
14
Suppose -30*s + 28*s = n - 89, -4*n + 98 = 2*s. Calculate the remainder when 43 is divided by s.
0
Let s(t) = t**3 + 11*t**2 + 2*t - 10. Let y be s(-10). Suppose 4*o = 6*o - y. What is the remainder when o is divided by 12?
11
Suppose b - 2 = 2. Suppose b + 30 = 2*g. Calculate the remainder when -3 + (-3)/(-1) + 66 is divided by g.
15
Let a(h) = 4*h**3 - 5*h**2 + 7*h - 14. What is the remainder when a(3) is divided by 15?
10
Let k(y) = -y**3 + 6*y**2 - 11*y - 8. Let o(s) = 2*s**3 - 11*s**2 + 21*s + 17. Let u(a) = -5*k(a) - 2*o(a). What is the remainder when 35 is divided by u(6)?
11
Let i(c) = 7*c**2 - 69*c + 236. What is the remainder when 932 is divided by i(4)?
68
Let y(w) = w**3 - 12*w**2 + 12*w + 2. Suppose -4*u - 5*z = -0*u - 29, -5*z + 40 = 5*u. Calculate the remainder when 23 is divided by y(u).
10
Suppose -3913 = -87*i + 80*i. Calculate the remainder when i is divided by 71.
62
Let l = -173 + 354. What is the remainder when l is divided by 37?
33
Suppose 4*o + 0*o = -4*z + 4, -4*o - 5*z = -3. Suppose -o*r - 31 = 3. Let k = 3 - r. Calculate the remainder when k is divided by 7.
6
Suppose 4*r + 0*r + 2*m - 98 = 0, 4*r - 4*m - 68 = 0. Suppose -j = 3*j - 5*k - 8, -r = 2*j + 4*k. Calculate the remainder when (-4)/2*(-1 + j) is divided by 5.
3
Let j = 44 + -19. Suppose 8*s - 888 = -4*s. Calculate the remainder when s is divided by j.
24
Suppose -2*m - 94*h + 95*h = -13, -3*m + 47 = 4*h. Let c(v) = -3*v - 6. Let n be c(-6). Let g = 27 - n. What is the remainder when g is divided by m?
6
Let u(r) = 11*r**2 + 9*r + 1. What is the remainder when 133 is divided by u(-2)?
25
Let p(j) = 3*j - 88. Let u(b) = b**2 - 2*b - 6. Suppose 2 = -3*v + 17. What is the remainder when p(38) is divided by u(v)?
8
Suppose -9 = 4*r - 17. Suppose 0 = d - 5*q - 35, 0 = r*d + 3*q - 4*q - 52. What is the remainder when 72 is divided by d?
22
Suppose -3645 = -4*g + r, 3*r + 0*r + 1815 = 2*g. Calculate the remainder when g is divided by 83.
82
Calculate the remainder when 2/((-24)/(-18))*(-248)/(-6) is divided by (-153)/(-12) + (-2)/(-8).
10
Let h(y) = 3*y - 3 - y**3 - 10*y + 7*y**2 + y**2. Let w be h(7). What is the remainder when 123*(3 - (-8)/w) is divided by 11?
8
Let m(c) = -4*c**2 + 39*c - 15. Let i = 7 - 15. Calculate the remainder when (-4)/16 + (-274)/i is divided by m(9).
10
Let b = 2084 + -1998. What is the remainder when b is divided by 24?
14
Let p = 2366 + -2354. Calculate the remainder when 32 is divided by p.
8
Let d(h) = 3*h**2 - 18*h + 2. Let r be d(6). Suppose 8 = 4*l, -l - 3*l - 16 = -r*f. What is the remainder when 18 is divided by f?
6
Let z be 18/12 + (-81)/(-6). Suppose 2*h - 7*h + 23 = 3*a, z = 5*h + 5*a. What is the remainder when 12 is divided by h?
5
Let f(j) = 5*j**2 - 17*j + 156. Calculate the remainder when f(6) is divided by 79.
76
Suppose 0 = 2*s - 3*x - 266, -35*s + 34*s - 2*x = -119. Calculate the remainder when s is divided by 8.
7
Suppose -3*h - 4*f + 196 = 0, -4*h + 0*f = -f - 293. Suppose 0 = -4*y - 5*y + h. Calculate the remainder when 23 is divided by y.
7
Suppose 0 = i + 2*d, -5*i + 10*i - 70 = 4*d. Suppose -2*r = 4, -r + 4*r = 2*p + i. Let s = -6 - p. Calculate the remainder when 6 is divided by s.
0
Let f(o) = 5*o - 3*o + 2 + 2*o + 10. What is the remainder when f(6) is divided by 10?
6
Suppose 3*x - 15 = -2*x, 4*k - 5*x = 1. Suppose -3*w - c + 5 = -k, -4*w = 3*c - 17. Suppose 300 = 4*t + w*t. Calculate the r